n base 10, what is 14 - -2?
16
In base 2, what is -11100000 - -100?
-11011100
In base 10, what is -10 + -1041?
-1051
In base 9, what is 20 + -17?
2
In base 11, what is -29 + -40?
-69
In base 10, what is -19 - -140?
121
In base 6, what is 1334 - -13?
1351
In base 14, what is -a3a6 + 5?
-a3a1
In base 2, what is 10 + -110100110010?
-110100110000
In base 14, what is -15b - -3?
-158
In base 5, what is -142 + 10?
-132
In base 5, what is -3 + 40?
32
In base 11, what is -1 + a82?
a81
In base 7, what is -5 - 153?
-161
In base 3, what is -1 + -2001022?
-2001100
In base 5, what is -10 + -110?
-120
In base 5, what is -20 - 244?
-314
In base 14, what is 5 + aa2?
aa7
In base 15, what is -c73 + -2?
-c75
In base 3, what is 2002 + 1011?
10020
In base 6, what is 5 - 24?
-15
In base 14, what is -8a - -1?
-89
In base 2, what is -101 - -101?
0
In base 8, what is -4 + -741?
-745
In base 12, what is -68 + 33?
-35
In base 16, what is -3 - 5?
-8
In base 7, what is -4 + -64?
-101
In base 2, what is 1011101011 + 101?
1011110000
In base 9, what is 1 - 3?
-2
In base 9, what is -178 + 6?
-172
In base 16, what is 1 - -8bf?
8c0
In base 8, what is 232 + -10?
222
In base 15, what is 4 + 2292?
2296
In base 2, what is 1100 + 1011001010?
1011010110
In base 9, what is 1 + -86?
-85
In base 6, what is -11441 - -4?
-11433
In base 14, what is 247 + 3?
24a
In base 13, what is 1a6 - 2?
1a4
In base 9, what is 12 - -86?
108
In base 8, what is -10 + 1?
-7
In base 14, what is -753 - 1?
-754
In base 3, what is 10201111 + 10?
10201121
In base 8, what is 23 - 6?
15
In base 11, what is -46 + 19?
-28
In base 12, what is -7 + 17?
10
In base 4, what is 32132 + 13?
32211
In base 13, what is -5 - 1c?
-24
In base 7, what is 2 - 3403?
-3401
In base 5, what is 42 + 2?
44
In base 3, what is -1022212 - 1?
-1022220
In base 15, what is 1 + -74?
-73
In base 8, what is 3 - -24?
27
In base 2, what is -100110100010110 - 100?
-100110100011010
In base 5, what is -340 + 133?
-202
In base 7, what is -1 - -14?
13
In base 2, what is -101011001 - 0?
-101011001
In base 9, what is 322 + 0?
322
In base 14, what is 3 + 175?
178
In base 4, what is -2 + 10312?
10310
In base 15, what is 391 + -8?
388
In base 9, what is 15 + 51?
66
In base 4, what is -113 + -3?
-122
In base 10, what is 19448 + 1?
19449
In base 16, what is -8 + -1f?
-27
In base 7, what is 5 + -433?
-425
In base 4, what is -1110 - -2?
-1102
In base 5, what is -2 + -3413?
-3420
In base 14, what is 2 - -2dd?
301
In base 14, what is 1 + -a2?
-a1
In base 10, what is 5 - -1?
6
In base 8, what is 71 + -7?
62
In base 6, what is 4 + 5?
13
In base 12, what is 1b2 + -1?
1b1
In base 5, what is 4 - 2230?
-2221
In base 11, what is 52 + -8?
45
In base 9, what is 3 - -37?
41
In base 13, what is 1b - 3?
18
In base 10, what is 254 + -4?
250
In base 12, what is -a20 + -4?
-a24
In base 14, what is 1d + -1?
1c
In base 12, what is a25 - 4?
a21
In base 14, what is -3b - c?
-49
In base 16, what is -4 - -5c?
58
In base 8, what is 522 - 0?
522
In base 7, what is -23 - -2?
-21
In base 5, what is -3241 - 10?
-3301
In base 14, what is 138ad + -4?
138a9
In base 7, what is -1 - 0?
-1
In base 10, what is 0 - -8?
8
In base 14, what is 3 - 1cd5?
-1cd2
In base 2, what is 10010 - 101011?
-11001
In base 11, what is 56 + 4?
5a
In base 5, what is -10 - -222332?
222322
In base 7, what is 1 + 3360?
3361
In base 6, what is -4 + 114?
110
In base 6, what is -32 - -22?
-10
In base 7, what is 20 - 25?
-5
In base 2, what is 1011111111 - 101?
1011111010
In base 4, what is -122301 + 101?
-122200
In base 8, what is -52 + -33?
-105
In base 8, what is -115 + 312?
175
In base 2, what is 1001000 + -100?
1000100
In base 15, what is -51 - 2e?
-80
In base 5, what is -12 + 113?
101
In base 10, what is 42 - -5?
47
In base 11, what is -1584 - 1?
-1585
In base 16, what is -13 - -1b?
8
In base 8, what is 4 - -1013?
1017
In base 8, what is -61 + 13?
-46
In base 8, what is -2062 - 7?
-2071
In base 4, what is 31 + 303?
1000
In base 5, what is -111 + -311?
-422
In base 8, what is 2267 + -1?
2266
In base 9, what is 410 + 1?
411
In base 4, what is -1 + 2322?
2321
In base 14, what is -3a + 4b?
11
In base 16, what is 5aa - -4?
5ae
In base 5, what is 0 - -22?
22
In base 12, what is -2 - 1710?
-1712
In base 10, what is 8 - 29?
-21
In base 12, what is -4 - -829?
825
In base 8, what is -5030 + 4?
-5024
In base 12, what is 19 + 227?
244
In base 16, what is 3 - f28?
-f25
In base 13, what is 7a + -2?
78
In base 9, what is 185 + -22?
163
In base 10, what is -552 - 35?
-587
In base 4, what is 102032 - -11?
102103
In base 13, what is -c8 - 2?
-ca
In base 8, what is -2353 - 10?
-2363
In base 8, what is 5 - -1540?
1545
In base 8, what is -316 + 5?
-311
In base 2, what is 0 + -1000110110?
-1000110110
In base 9, what is -33 - -40?
6
In base 16, what is -ef + 1?
-ee
In base 11, what is 3 + -37?
-34
In base 16, what is -7 + -1?
-8
In base 15, what is -8 + -176?
-17e
In base 2, what is -1110000 - 0?
-1110000
In base 2, what is 10 + 100100101?
100100111
In base 8, what is -34 - -14?
-20
In base 10, what is 12 + -18?
-6
In base 11, what is 700 - 1?
6aa
In base 7, what is 3 - -2?
5
In base 10, what is -5 - -23?
18
In base 4, what is 11 + 312?
323
In base 11, what is -5 - 264?
-269
In base 4, what is 233 - -30?
323
In base 10, what is -2 + -50?
-52
In base 2, what is -100 - -10010000101?
10010000001
In base 9, what is 1 - -258?
260
In base 5, what is 11311 - 4?
11302
In base 16, what is 0 + -2ca?
-2ca
In base 5, what is -3 + -2014?
-2022
In base 16, what is -4 - -61?
5d
In base 9, what is 3 - -31?
34
In base 2, what is -1110 - 1110?
-11100
In base 5, what is 231 - -23?
304
In base 6, what is 5 + 123?
132
In base 6, what is 51234 - -2?
51240
In base 2, what is -11011011 + -100?
-11011111
In base 7, what is 1 + 145?
146
In base 15, what is 16 - -9?
20
In base 12, what is 3 + a7?
aa
In base 16, what is -8 - -2?
-6
In base 16, what is 6d + -1?
6c
In base 5, what is -10 + -203?
-213
In base 16, what is 1 - -110?
111
In base 12, what is -16 + -16?
-30
In base 8, what is 6727 + -3?
6724
In base 9, what is -78 + -11?
-100
In base 2, what is -101 - -10010011?
10001110
In base 2, what is -11110101 - 1?
-11110110
In base 9, what is 5 + 4167?
4173
In base 4, what is -21100 - 2?
-21102
In base 2, what is -1 + 1001001111000?
1001001110111
In base 10, what is 106 - 24?
82
In base 15, what is 389 + 0?
389
In base 7, what is 5 + -3323?
-3315
In base 13, what is -1 + 7?
6
In base 14, what is 15cc - -1?
15cd
In base 3, what is 1020212012 + 11?
1020212100
In base 8, what is 2 - 172?
-170
In base 15, what is -151b - 3?
-151e
In base 7, what is 4 + 0?
4
In base 15, what is -c1a - 4?
-c1e
In base 7, what is -3 + -1523?
-1526
In base 15, what is -3 + 1d?
1a
In base 10, what is -1 + 400?
399
In base 16, what is -19f + -3?
-1a2
In base 13, what is 4 + 41?
45
In base 12, what is -197 + 2?
-195
In base 3, what is -101 + 2000?
1122
In base 15, what is b5 + -4?
b1
In base 5, what is -2 - -101?
44
In base 6, what is -2322 + 3?
-2315
In base 3, what is -1 - 2221222?
-2222000
In base 13, what is -6 - c44?
-c4a
In base 2, what is -110110011 + 10101?
-110011110
In base 10, what is 5 - -665?
670
In base 2, what is -10010100 + 100?
-10010000
In base 12, what is 50 - -5?
55
In base 11, what is -140 - -14?
-127
In base 13, what is 19c - 39?
163
In base 7, what is -3 - -6202?
6166
In base 11, what is 3 + 51?
54
In base 5, what is 1201 + -33?
1113
In base 10, what is 2728 + 3?
2731
In base 9, what is -143 - -4?
-138
In base 2, what is -100 - 110?
-1010
In base 10, what is 1255 - 3?
1252
In base 13, what is 1925 - 1?
1924
In base 2, what is 1 - -1100010001?
1100010010
In base 2, what is 11 - 10001?
-1110
In base 2, what is -1101111 + 110010?
-111101
In base 7, what is 54 - -240?
324
In base 12, what is -19 + 11?
-8
In base 12, what is -53a8 + -3?
-53ab
In base 16, what is 7 - -7f2?
7f9
In base 4, what is -1 + -201?
-202
In base 7, what is 203 - 12?
161
In base 12, what is 679 - -4?
681
In base 12, what is -92 - -1?
-91
In base 12, what is 5 + -4a4?
-49b
In base 8, what is -1753 - 2?
-1755
In base 9, what is 2 - 43?
-41
In base 13, what is 66 - 6?
60
In base 7, what is -435 - -4?
-431
In base 13, what is -4 - a4?
-a8
In base 12, what is 230 + -5?
227
In base 15, what is -7 + -67?
-6e
I